n divisor of 279 and h?
31
Let h(f) = f - 12. Let g be h(12). Let a be (6/(-18))/(0 + 1/(-6)). Suppose g = a*s + s - 225. What is the highest common factor of 25 and s?
25
Suppose -7*y + 0*y + 259 = 0. Let x = y - 13. What is the greatest common factor of x and 16?
8
Suppose 5*i + 3*j = 21, 5*j = -i - 0*j - 9. Calculate the greatest common factor of 22 and i.
2
Suppose -2*p + 6 = 0, 2*w - 5*p = -6*p + 231. Calculate the highest common factor of w and 18.
6
Suppose 2*p + 2*h - 86 = 0, -3*p + 15 = 2*h - 119. Suppose -20*s = -16*s - p. Calculate the highest common divisor of 8 and s.
4
Suppose 0 = c + x - 6, -c + x + 0*x = -16. Suppose -r + 2*w = -9, -c = -r - w + 5*w. Let v = -5 + r. Calculate the greatest common factor of v and 6.
2
Let p = 1949 - 1907. What is the highest common factor of p and 231?
21
Let p be (3 - (-21)/(-14))/(3/776). What is the greatest common divisor of p and 485?
97
Suppose -3*b + 294 = -186. Let q = b - 73. Suppose -3*n - 3 = -q. What is the greatest common factor of 4 and n?
4
Let d(x) = x**2 - 7*x + 166. Let q be d(31). What is the greatest common factor of 13 and q?
13
Suppose -4704 = 5*z + 2*z. Let b be 1*-5*z/20. Calculate the greatest common divisor of b and 24.
24
Let n = 594 + -548. What is the highest common divisor of n and 851?
23
Suppose -21*d + 26*d = 3900. Calculate the highest common divisor of d and 10.
10
Suppose 4*h + 31 = s, -4*s - h + 34 = h. Let n(b) = -13*b + 174. Let a be n(10). Calculate the highest common factor of a and s.
11
Suppose 2*s + 3*s - 70 = 0. Suppose b = -3*k + 22, 3*k - 6*k = 5*b - 38. Suppose k*t - 47 = 79. What is the greatest common factor of s and t?
7
Let n be 2 - (1 - 1) - (-62 + 7). Suppose 5*d - 2*q - 116 = 0, -3*d + 25 = 5*q - n. What is the greatest common divisor of 24 and d?
24
Let j(c) = 2*c + 54. Let h be j(-21). What is the greatest common factor of 92 and h?
4
Let a be 1/((-1)/(-40)) - 0. Let v = 104 - 175. Let r = v - -81. What is the highest common divisor of r and a?
10
Let y(r) = 3*r + 8. Let p be y(16). What is the greatest common factor of 16 and p?
8
Suppose o = 5*x + 323, 0 = -4*x - 0*x + 5*o - 271. Let m = 92 + x. Calculate the greatest common factor of m and 252.
28
Let h be (4 + -10)*5/(-2). Suppose -2*s - 5 = p - 1, -5*p = 0. Let w be h/(-5) + (-22)/s. Calculate the greatest common divisor of w and 64.
8
Suppose -2*j - 230 = -7*j. Suppose -4*q - w = 15 - j, -2*q + 4*w + 2 = 0. Calculate the greatest common factor of 14 and q.
7
Let y = -211 - -347. Let c = 38 - 36. Let m be ((-9)/(-9))/(c/34). What is the highest common factor of y and m?
17
Let g(m) = 32*m**2 - 7*m + 8. Let y be g(1). Let o = 515 - 284. Calculate the highest common factor of y and o.
33
Let r = -69 + 1169. Calculate the highest common divisor of 44 and r.
44
Suppose 0 = -2*a - l - 2*l + 21, 4*l - 5 = 5*a. Let n be -2 + 1/((-2)/(-12)). Calculate the greatest common divisor of n and a.
1
Suppose 3*n - 6*n = 9. Let b be 1 + (-4)/12*n. Suppose -3*d - b = -4*t, 0*d + 2*t = -5*d + 14. Calculate the greatest common factor of d and 4.
2
Let u(v) = -67*v**2 + 1. Let d be u(-1). Let c = -50 - d. Suppose 4*t + 4*k = 180, 0*k + 110 = 3*t - 2*k. What is the greatest common divisor of t and c?
8
Let u(v) = -18*v**2 + 3*v + 1. Let t be u(-1). Let c be t*(-3 - (-14)/10). Calculate the greatest common divisor of c and 4.
4
Suppose -98 = -5*i + 2*n, 41 = 3*i + 4*n - 23. Calculate the greatest common divisor of i and 120.
20
Suppose 0 = 3*o - 2*z - 2609, -7*o + 4353 = -2*o - z. Calculate the highest common factor of 26 and o.
13
Let s(v) = v**2 - 4*v - 17. Let r be s(11). Suppose -4*w = -9*w. Suppose w*p = -p + 24. Calculate the greatest common factor of r and p.
12
Suppose m + 16 = 84. Let q be (-1)/(-5) - (-32)/(-10). Let d be (1 + q)*51/(-6). Calculate the greatest common factor of d and m.
17
Let t be 13 + 3*8/48*6. What is the highest common divisor of t and 1264?
16
Let r be 12*(-3)/6 - -54. Calculate the highest common divisor of 6 and r.
6
Let o(y) = -2*y - 1. Let x be o(1). Let k(b) = b**3 + 4*b**2 + 3*b + 2. Let r be k(x). What is the highest common factor of 1 and r?
1
Suppose -2*a - 240 = -17*a. Calculate the greatest common factor of 608 and a.
16
Suppose 66 = 14*c - 46. What is the highest common divisor of 2 and c?
2
Let i(b) = b**3 - 15*b**2 - 23*b + 21. Let x be i(17). Suppose 0*v + 5*t - 65 = -v, -3*v + x = 2*t. Calculate the greatest common factor of 10 and v.
10
Suppose 115*p - 106*p - 1440 = 0. Calculate the highest common divisor of 130 and p.
10
Let u(j) = -j**3 + 4*j**2 + j - 2. Let f be u(4). Let m be 4/(f - 0) + 23. Let w be (5/2)/(30/2700). Calculate the highest common divisor of w and m.
25
Suppose 0 = -0*t - t + 5, -51 = -2*q + t. Suppose 7*b - 3*p = 2*b + 980, 0 = 2*b - 5*p - 392. What is the greatest common factor of b and q?
28
Let l be (0/2 + -1)*-3. Let c be (4 + 9/1)/((-2)/(-50)). Suppose -2*a + c = k, -2*a - l*k = a - 480. What is the greatest common factor of 15 and a?
15
Let w be (-2883)/(-24) - (-2)/(-16). Let q = w + -100. Calculate the greatest common factor of 100 and q.
20
Suppose 2*j - z - 332 = z, -2*z = -4*j + 662. Let c(d) = 23*d - 3. Let q be c(3). What is the greatest common factor of j and q?
33
Suppose -4*c + 2*c = -3*d, 2*c - 6 = 0. Suppose -d*r - 368 = -4*r. Suppose p - r = i, -133 + 1045 = 5*p - 3*i. What is the highest common factor of 20 and p?
20
Suppose 0 = 4*z + 4, 20*f - 67 = 18*f - 3*z. What is the highest common divisor of 805 and f?
35
Let i be 1/((-4)/(-16)*4). Suppose n + 6 = -i. Let k be 226/8 + n/28. What is the highest common factor of k and 56?
28
Suppose 69 = -2*g - 2*b + b, -4*b - 171 = 5*g. Let v = 46 + g. Calculate the greatest common factor of v and 11.
11
Suppose -2*h - 10560 = -17*h. Suppose -4*x - 839 = -5*s, 4*s - 2*x - h = -7*x. What is the greatest common divisor of s and 114?
57
Let c(s) = 2*s + 27. Let u be c(-6). Let b be (2 + 10/(-6))/(u/1485). Calculate the greatest common divisor of 11 and b.
11
Suppose j = -5*c + 549, 0 = 4*c + j + 31 - 470. Suppose -50*q + 1650 = -44*q. What is the highest common factor of c and q?
55
Suppose 5*n - 8 = 2. Suppose 30 = n*b - x - 10, -2*b = 5*x - 40. Calculate the greatest common factor of b and 100.
20
Let t = 54 + -26. Suppose 3*o - t - 74 = 0. Calculate the greatest common factor of o and 34.
34
Let m(c) = 3*c**2 - 4*c + 53. Let j be m(-12). Calculate the highest common factor of 13 and j.
13
Let f(g) = 31*g - 378. Let i be f(21). What is the greatest common divisor of 1547 and i?
91
Let u(i) = i + 9. Let w be u(11). What is the highest common factor of 180 and w?
20
Let h(k) be the third derivative of k**6/120 + k**5/12 + k**4/12 + 13*k**2. Let v be h(-4). Calculate the highest common divisor of v and 40.
8
Let u = 23 - 8. Let q(h) = 22*h + 289. Let x be q(-13). Calculate the highest common factor of x and u.
3
Let l(g) = g**3 + 2*g**2 - 4*g - 3. Let v be l(-2). Suppose -v*z + 23 = -22. Suppose -z*t - 64 = -13*t. Calculate the greatest common divisor of 144 and t.
16
Suppose 67*o = 107*o - 7560. What is the greatest common divisor of o and 63?
63
Let x(y) = -3*y + 121. Let r be x(19). Calculate the highest common divisor of r and 16.
16
Suppose -u + 13*t - 17*t = -62, 5*u = 2*t + 332. Calculate the greatest common factor of 48 and u.
6
Suppose -78*m = -72*m - 402. Calculate the highest common factor of 268 and m.
67
Let h(s) = s**2 + 180. Let t be h(0). What is the greatest common factor of t and 20?
20
Let k = -29 + 31. Suppose -k*v + 5*v = 2*w - 95, -2*w + 115 = v. Calculate the greatest common factor of 5 and w.
5
Suppose g + 3 = 0, 3*g - 159 = 2*r - 5*r. Calculate the greatest common factor of r and 1736.
56
Suppose 3*j - 105 = 84. Let c be (-12 + 4)*14/(-4). Let o = c - 19. Calculate the highest common divisor of j and o.
9
Suppose 5*c - 6 = -4*i, 2 = -i - 30*c + 27*c. What is the greatest common divisor of 10 and i?
2
Let x be -13 + 6 + (-932)/(-2). What is the greatest common factor of 27 and x?
27
Suppose c + 14 = -5*c + 20*c. Let z = -10 - -21. What is the greatest common factor of c and z?
1
Let h(k) = -k**2 + 17*k - 19. Let c be h(11). Let g = 13 + c. Let o(n) = -13*n**3 - 2*n**2 - n. Let z be o(-1). What is the greatest common factor of z and g?
12
Suppose 25*h = h +